{"id":1907,"date":"2024-12-05T11:15:18","date_gmt":"2024-12-05T10:15:18","guid":{"rendered":"https:\/\/feuerwehrkran.de\/?page_id=1907"},"modified":"2025-02-18T19:59:59","modified_gmt":"2025-02-18T18:59:59","slug":"anschlagen-von-lasten","status":"publish","type":"page","link":"https:\/\/feuerwehrkran.de\/index.php\/anschlagen-von-lasten\/","title":{"rendered":"Anschlagen von Lasten"},"content":{"rendered":"\n<figure class=\"wp-block-image size-full\"><img loading=\"lazy\" decoding=\"async\" width=\"1920\" height=\"420\" src=\"https:\/\/feuerwehrkran.de\/wp-content\/uploads\/2024\/12\/anschlagmittel.jpg\" alt=\"\" class=\"wp-image-2055\"\/><\/figure>\n\n\n\n<p>Zum fachgerechten Anschlagen von Lasten geh\u00f6ren die daf\u00fcr notwendigen Kenntnisse, um diese verantwortungsvolle Aufgabe sicher durchf\u00fchren zu k\u00f6nnen. F\u00fcr Anschl\u00e4ger und all diejenigen, die verantwortlich sind f\u00fcr den Einsatz von Anschlag- und Lastaufnahmemitteln bei Hub- oder Zugarbeiten gilt es, eine entsprechende Fachausbildung nach DGUV R 109-017 zu durchlaufen.<br><br>Die in der Grundausbildung eventuell erworbenen Kenntnisse \u00fcber das Anschlagen von Lasten, k\u00f6nnen in der Planung des Lehrgangs mit ber\u00fccksichtigt, bzw. angerechnet werden.<\/p>\n\n\n\n<div style=\"height:20px\" aria-hidden=\"true\" class=\"wp-block-spacer\"><\/div>\n\n\n\n<div class=\"wp-block-group has-white-color has-vivid-cyan-blue-background-color has-text-color has-background has-link-color wp-elements-f8f1991cc7dd3f91965e118576a7bd91\"><div class=\"wp-block-group__inner-container is-layout-constrained wp-block-group-is-layout-constrained\">\n<h3 class=\"wp-block-heading has-white-color has-text-color has-link-color wp-elements-588ef4965f3a9c3b0cc8bd2a49b11a7a\">Anschl\u00e4ger<\/h3>\n\n\n\n<p>Durch unseren Lehrgang erwerben die Teilnehmer umfangreiche Kenntnisse \u00fcber die wichtigsten Anschlagmittel und Anschlagtechniken sowie den sicheren Einsatz von Lastaufnahmemitteln. Dar\u00fcber hinaus werden sie mit statischen Grundkenntnissen, den allgemeinen Sicherheitshinweisen beim Anschlagen und Heben, bzw. Ziehen von Lasten, sowie dem korrekten Anschlagen von Lasten insbesondere in Verbindung mit Traversen und Hebezeugen vertraut gemacht.<\/p>\n\n\n\n<div style=\"height:20px\" aria-hidden=\"true\" class=\"wp-block-spacer\"><\/div>\n\n\n\n<p class=\"has-medium-font-size\">Inhalt:<\/p>\n\n\n\n<ul class=\"wp-block-list\">\n<li>Einf\u00fchrung in die DGUV Regel 109-017<\/li>\n\n\n\n<li>Grundlagen der Mechanik und Krafteinlenkung<\/li>\n\n\n\n<li>Fachgerechter Umgang mit allen einschl\u00e4gigen Anschlagmitteln<\/li>\n\n\n\n<li>Anwendungshinweise, Verschlei\u00dfverhalten und Ablegekriterien<\/li>\n\n\n\n<li>Tragf\u00e4higkeiten bei unterschiedlichen Anschlagarten<\/li>\n\n\n\n<li>Entscheidungshilfen zur Auswahl von Anschlag- und Lastaufnahmemitteln<\/li>\n\n\n\n<li>Stahldrahtseile, hochfeste Anschlagketten, Hebeb\u00e4nder und Rundschlingen<\/li>\n\n\n\n<li>Traversen, Spreizen, Sch\u00e4kel, Umlenkrollen<\/li>\n\n\n\n<li>Einsatz von Belastungstabellen<\/li>\n\n\n\n<li>Anschlagmittel-Kombinationen<\/li>\n\n\n\n<li>Typische Gef\u00e4hrdungssituationen<\/li>\n<\/ul>\n\n\n\n<div style=\"height:20px\" aria-hidden=\"true\" class=\"wp-block-spacer\"><\/div>\n\n\n\n<p class=\"has-medium-font-size\">Rechtlicher Hintergrund:<\/p>\n\n\n\n<ul class=\"wp-block-list\">\n<li>DGUV Regel 109-017<\/li>\n<\/ul>\n\n\n\n<div style=\"height:20px\" aria-hidden=\"true\" class=\"wp-block-spacer\"><\/div>\n\n\n\n<p class=\"has-medium-font-size\">Dauer:<\/p>\n\n\n\n<p>2-3 Tage, je nach gew\u00e4hlter Lehrgangsart.<\/p>\n\n\n\n<div style=\"height:20px\" aria-hidden=\"true\" class=\"wp-block-spacer\"><\/div>\n\n\n\n<p class=\"has-medium-font-size\">Zielgruppe:<\/p>\n\n\n\n<p>Als relevanter Teilnehmerkreis f\u00fcr das Seminar gelten alle Anwender von Anschlagmitteln.<\/p>\n\n\n\n<div style=\"height:20px\" aria-hidden=\"true\" class=\"wp-block-spacer\"><\/div>\n\n\n\n<p class=\"has-medium-font-size\">Teilnehmerzahl:<\/p>\n\n\n\n<p>bis 16 Personen<\/p>\n\n\n\n<div style=\"height:20px\" aria-hidden=\"true\" class=\"wp-block-spacer\"><\/div>\n\n\n\n<p class=\"has-medium-font-size\">Ausbildungsform:<\/p>\n\n\n\n<p>Theoretische und praktische Ausbildung.<\/p>\n\n\n\n<div style=\"height:20px\" aria-hidden=\"true\" class=\"wp-block-spacer\"><\/div>\n\n\n\n<p class=\"has-medium-font-size\">Pr\u00fcfung:<\/p>\n\n\n\n<p>Abgeschlossen wird der Lehrgang mit einer theoretischen Pr\u00fcfung.<\/p>\n\n\n\n<div style=\"height:20px\" aria-hidden=\"true\" class=\"wp-block-spacer\"><\/div>\n\n\n\n<p class=\"has-medium-font-size\">Abschluss:<\/p>\n\n\n\n<p>Nach erfolgreich abgeschlossener Pr\u00fcfung erhalten die Teilnehmer ein Zertifikat.<\/p>\n\n\n\n<div style=\"height:20px\" aria-hidden=\"true\" class=\"wp-block-spacer\"><\/div>\n\n\n\n<div class=\"wp-block-buttons is-content-justification-center is-layout-flex wp-container-core-buttons-is-layout-16018d1d wp-block-buttons-is-layout-flex\">\n<div class=\"wp-block-button has-custom-width wp-block-button__width-50 is-style-outline is-style-outline--1\"><a class=\"wp-block-button__link wp-element-button\" href=\"https:\/\/feuerwehrkran.de\/index.php\/anschlaeger\/\" style=\"border-radius:0px\" target=\"_blank\" rel=\"noreferrer noopener\">Angebot anfordern<\/a><\/div>\n<\/div>\n<\/div><\/div>\n\n\n\n<pre class=\"wp-block-preformatted\">Bitte Beachten: Den Lehrgang \"Anschl\u00e4ger\" bieten wir ausschlie\u00dflich in der Inhouse-Variante an. D. h., zu ihrem Wunschtermin findet die gew\u00e4hlte Ausbildung bei Ihnen vor Ort statt. Gerne erstellen wir Ihnen ein unverbindliches Angebot, welches passgenau auf die Bed\u00fcrfnisse ihrer Feuerwehr zugeschnitten ist.<\/pre>\n","protected":false},"excerpt":{"rendered":"<p>Wir unterrichten umfangreiche Kenntnisse \u00fcber Anschlagmittel und Anschlagtechniken, sowie den sicheren Einsatz von Lastaufnahmemitteln.<\/p>\n","protected":false},"author":1,"featured_media":0,"parent":0,"menu_order":0,"comment_status":"closed","ping_status":"closed","template":"template-fullwidth.php","meta":{"footnotes":""},"class_list":["post-1907","page","type-page","status-publish","hentry"],"_links":{"self":[{"href":"https:\/\/feuerwehrkran.de\/index.php\/wp-json\/wp\/v2\/pages\/1907","targetHints":{"allow":["GET"]}}],"collection":[{"href":"https:\/\/feuerwehrkran.de\/index.php\/wp-json\/wp\/v2\/pages"}],"about":[{"href":"https:\/\/feuerwehrkran.de\/index.php\/wp-json\/wp\/v2\/types\/page"}],"author":[{"embeddable":true,"href":"https:\/\/feuerwehrkran.de\/index.php\/wp-json\/wp\/v2\/users\/1"}],"replies":[{"embeddable":true,"href":"https:\/\/feuerwehrkran.de\/index.php\/wp-json\/wp\/v2\/comments?post=1907"}],"version-history":[{"count":22,"href":"https:\/\/feuerwehrkran.de\/index.php\/wp-json\/wp\/v2\/pages\/1907\/revisions"}],"predecessor-version":[{"id":2197,"href":"https:\/\/feuerwehrkran.de\/index.php\/wp-json\/wp\/v2\/pages\/1907\/revisions\/2197"}],"wp:attachment":[{"href":"https:\/\/feuerwehrkran.de\/index.php\/wp-json\/wp\/v2\/media?parent=1907"}],"curies":[{"name":"wp","href":"https:\/\/api.w.org\/{rel}","templated":true}]}}

<figure class="wp-block-image size-full"><img loading="lazy" decoding="async" width="1920" height="420" src="https://feuerwehrkran.de/wp-content/uploads/2024/12/anschlagmittel.jpg" alt="" class="wp-image-2055"/></figure>



<p>Zum fachgerechten Anschlagen von Lasten gehören die dafür notwendigen Kenntnisse, um diese verantwortungsvolle Aufgabe sicher durchführen zu können. Für Anschläger und all diejenigen, die verantwortlich sind für den Einsatz von Anschlag- und Lastaufnahmemitteln bei Hub- oder Zugarbeiten gilt es, eine entsprechende Fachausbildung nach DGUV R 109-017 zu durchlaufen.<br><br>Die in der Grundausbildung eventuell erworbenen Kenntnisse über das Anschlagen von Lasten, können in der Planung des Lehrgangs mit berücksichtigt, bzw. angerechnet werden.</p>



<div style="height:20px" aria-hidden="true" class="wp-block-spacer"></div>



<div class="wp-block-group has-white-color has-vivid-cyan-blue-background-color has-text-color has-background has-link-color wp-elements-f8f1991cc7dd3f91965e118576a7bd91"><div class="wp-block-group__inner-container is-layout-constrained wp-block-group-is-layout-constrained">
<h3 class="wp-block-heading has-white-color has-text-color has-link-color wp-elements-588ef4965f3a9c3b0cc8bd2a49b11a7a">Anschläger</h3>



<p>Durch unseren Lehrgang erwerben die Teilnehmer umfangreiche Kenntnisse über die wichtigsten Anschlagmittel und Anschlagtechniken sowie den sicheren Einsatz von Lastaufnahmemitteln. Darüber hinaus werden sie mit statischen Grundkenntnissen, den allgemeinen Sicherheitshinweisen beim Anschlagen und Heben, bzw. Ziehen von Lasten, sowie dem korrekten Anschlagen von Lasten insbesondere in Verbindung mit Traversen und Hebezeugen vertraut gemacht.</p>



<div style="height:20px" aria-hidden="true" class="wp-block-spacer"></div>



<p class="has-medium-font-size">Inhalt:</p>



<ul class="wp-block-list">
<li>Einführung in die DGUV Regel 109-017</li>



<li>Grundlagen der Mechanik und Krafteinlenkung</li>



<li>Fachgerechter Umgang mit allen einschlägigen Anschlagmitteln</li>



<li>Anwendungshinweise, Verschleißverhalten und Ablegekriterien</li>



<li>Tragfähigkeiten bei unterschiedlichen Anschlagarten</li>



<li>Entscheidungshilfen zur Auswahl von Anschlag- und Lastaufnahmemitteln</li>



<li>Stahldrahtseile, hochfeste Anschlagketten, Hebebänder und Rundschlingen</li>



<li>Traversen, Spreizen, Schäkel, Umlenkrollen</li>



<li>Einsatz von Belastungstabellen</li>



<li>Anschlagmittel-Kombinationen</li>



<li>Typische Gefährdungssituationen</li>
</ul>



<div style="height:20px" aria-hidden="true" class="wp-block-spacer"></div>



<p class="has-medium-font-size">Rechtlicher Hintergrund:</p>



<ul class="wp-block-list">
<li>DGUV Regel 109-017</li>
</ul>



<div style="height:20px" aria-hidden="true" class="wp-block-spacer"></div>



<p class="has-medium-font-size">Dauer:</p>



<p>2-3 Tage, je nach gewählter Lehrgangsart.</p>



<div style="height:20px" aria-hidden="true" class="wp-block-spacer"></div>



<p class="has-medium-font-size">Zielgruppe:</p>



<p>Als relevanter Teilnehmerkreis für das Seminar gelten alle Anwender von Anschlagmitteln.</p>



<div style="height:20px" aria-hidden="true" class="wp-block-spacer"></div>



<p class="has-medium-font-size">Teilnehmerzahl:</p>



<p>bis 16 Personen</p>



<div style="height:20px" aria-hidden="true" class="wp-block-spacer"></div>



<p class="has-medium-font-size">Ausbildungsform:</p>



<p>Theoretische und praktische Ausbildung.</p>



<div style="height:20px" aria-hidden="true" class="wp-block-spacer"></div>



<p class="has-medium-font-size">Prüfung:</p>



<p>Abgeschlossen wird der Lehrgang mit einer theoretischen Prüfung.</p>



<div style="height:20px" aria-hidden="true" class="wp-block-spacer"></div>



<p class="has-medium-font-size">Abschluss:</p>



<p>Nach erfolgreich abgeschlossener Prüfung erhalten die Teilnehmer ein Zertifikat.</p>



<div style="height:20px" aria-hidden="true" class="wp-block-spacer"></div>



<div class="wp-block-buttons is-content-justification-center is-layout-flex wp-container-core-buttons-is-layout-16018d1d wp-block-buttons-is-layout-flex">
<div class="wp-block-button has-custom-width wp-block-button__width-50 is-style-outline is-style-outline--1"><a class="wp-block-button__link wp-element-button" href="https://feuerwehrkran.de/index.php/anschlaeger/" style="border-radius:0px" target="_blank" rel="noreferrer noopener">Angebot anfordern</a></div>
</div>
</div></div>



<pre class="wp-block-preformatted">Bitte Beachten: Den Lehrgang "Anschläger" bieten wir ausschließlich in der Inhouse-Variante an. D. h., zu ihrem Wunschtermin findet die gewählte Ausbildung bei Ihnen vor Ort statt. Gerne erstellen wir Ihnen ein unverbindliches Angebot, welches passgenau auf die Bedürfnisse ihrer Feuerwehr zugeschnitten ist.</pre>

<p>Wir unterrichten umfangreiche Kenntnisse über Anschlagmittel und Anschlagtechniken, sowie den sicheren Einsatz von Lastaufnahmemitteln.</p>
